1290510?
2, 3, 5, 13, 1103
What are the prime factors of 132121?
11, 12011
What are the prime factors of 3648331?
1163, 3137
What are the prime factors of 4460329?
211, 21139
What are the prime factors of 176194?
2, 37, 2381
What are the prime factors of 8829003?
3, 2943001
What are the prime factors of 6732702?
2, 3, 374039
What are the prime factors of 450359?
7, 13, 101
List the prime factors of 35518320.
2, 3, 5, 49331
What are the prime factors of 214435?
5, 13, 3299
What are the prime factors of 250389?
3, 43, 647
List the prime factors of 190673.
7, 27239
List the prime factors of 295001.
7, 17, 37, 67
List the prime factors of 3841395.
3, 5, 256093
List the prime factors of 1515357.
3, 137, 1229
What are the prime factors of 10138900?
2, 5, 53, 1913
List the prime factors of 5345431.
7, 13, 58741
What are the prime factors of 35390336?
2, 276487
What are the prime factors of 9931485?
3, 5, 17, 29, 79
List the prime factors of 1726647.
3, 13, 44273
List the prime factors of 1888484.
2, 13, 23, 1579
What are the prime factors of 2317626?
2, 3, 167, 257
What are the prime factors of 2311348?
2, 13, 44449
List the prime factors of 1290415.
5, 7, 23, 229
What are the prime factors of 7215840?
2, 3, 5, 5011
What are the prime factors of 10118186?
2, 13, 389161
List the prime factors of 836941.
7, 119563
What are the prime factors of 8816450?
2, 5, 176329
What are the prime factors of 1313922?
2, 3, 218987
What are the prime factors of 3498062?
2, 1749031
List the prime factors of 437136.
2, 3, 7, 1301
List the prime factors of 125480.
2, 5, 3137
List the prime factors of 5681256.
2, 3, 7, 4831
List the prime factors of 1336315.
5, 67, 3989
What are the prime factors of 1091223?
3, 7, 17321
What are the prime factors of 7483185?
3, 5, 2053
List the prime factors of 164386.
2, 82193
List the prime factors of 4228221.
3, 1409407
List the prime factors of 1078113.
3, 79, 4549
List the prime factors of 492490.
2, 5, 17, 2897
What are the prime factors of 340706?
2, 170353
List the prime factors of 5560827.
3, 1091, 1699
What are the prime factors of 83738?
2, 149, 281
What are the prime factors of 471086?
2, 7, 11, 19, 23
List the prime factors of 19573670.
2, 5, 1957367
List the prime factors of 14432875.
5, 19, 59, 103
What are the prime factors of 1468667?
1468667
What are the prime factors of 5234252?
2, 1308563
What are the prime factors of 14151037?
14151037
What are the prime factors of 103035?
3, 5, 6869
What are the prime factors of 335519?
335519
List the prime factors of 6083754.
2, 3, 197, 5147
List the prime factors of 138548.
2, 19, 1823
List the prime factors of 538407.
3, 17, 23
List the prime factors of 450322.
2, 225161
What are the prime factors of 726646?
2, 421, 863
What are the prime factors of 245601?
3, 29, 941
List the prime factors of 138793.
138793
What are the prime factors of 3499428?
2, 3, 291619
What are the prime factors of 1324983?
3, 11, 40151
List the prime factors of 33894967.
109, 149, 2087
List the prime factors of 3919937.
7, 559991
List the prime factors of 473901.
3, 47, 3361
List the prime factors of 320409.
3, 11867
List the prime factors of 954225.
3, 5, 4241
What are the prime factors of 26839942?
2, 23, 53, 101, 109
List the prime factors of 6585321.
3, 43, 71, 719
List the prime factors of 8939049.
3, 7, 151, 2819
What are the prime factors of 2982595?
5, 7, 11, 61, 127
What are the prime factors of 4498281?
3, 166603
What are the prime factors of 4059323?
53, 191, 401
List the prime factors of 9811498.
2, 859, 5711
What are the prime factors of 5703571?
101, 149, 379
What are the prime factors of 307031?
307031
What are the prime factors of 2640667?
701, 3767
What are the prime factors of 2887412?
2, 11, 137, 479
List the prime factors of 1158697.
409, 2833
List the prime factors of 3092676.
2, 3, 29, 8887
List the prime factors of 1210533.
3, 403511
What are the prime factors of 1144379?
1144379
What are the prime factors of 4895112?
2, 3, 59, 3457
List the prime factors of 439764.
2, 3, 13, 2819
List the prime factors of 2579405.
5, 29, 17789
What are the prime factors of 2500353?
3, 23, 47, 257
List the prime factors of 19930026.
2, 3, 389, 8539
What are the prime factors of 10168408?
2, 1271051
What are the prime factors of 418730?
2, 5, 13, 3221
List the prime factors of 8023892.
2, 691, 2903
List the prime factors of 14521.
13, 1117
What are the prime factors of 7418825?
5, 296753
What are the prime factors of 1514?
2, 757
List the prime factors of 63937.
17, 3761
List the prime factors of 66439.
29, 79
What are the prime factors of 5732309?
11, 521119
What are the prime factors of 18068?
2, 4517
What are the prime factors of 418882?
2, 209441
List the prime factors of 10452996.
2, 3, 96787
List the prime factors of 623547.
3, 79, 877
What are the prime factors of 9946038?
2, 3, 1657673
What are the prime factors of 76034?
2, 7, 5431
What are the prime factors of 1973657?
7, 43, 79, 83
List the prime factors of 13355937.
3, 7, 101, 2099
What are the prime factors of 1219900?
2, 5, 11, 1109
List the prime factors of 452715.
3, 5, 30181
List the prime factors of 12294152.
2, 13, 118213
What are the prime factors of 2756928?
2, 3, 83, 173
What are the prime factors of 1130178?
2, 3, 7, 71, 379
What are the prime factors of 766083?
3, 255361
List the prime factors of 24273.
3, 29, 31
List the prime factors of 101615.
5, 20323
What are the prime factors of 10931139?
3, 61, 6637
What are the prime factors of 11005196?
2, 2751299
What are the prime factors of 2554066?
2, 257, 4969
List the prime factors of 6053659.
331, 18289
What are the prime factors of 3933152?
2, 19, 6469
What are the prime factors of 758231?
758231
List the prime factors of 2586595.
5, 11, 131, 359
What are the prime factors of 248768?
2, 13, 23
List the prime factors of 178266.
2, 3, 11, 37, 73
What are the prime factors of 184696?
2, 23087
What are the prime factors of 5027466?
2, 3, 229, 3659
What are the prime factors of 5303959?
5303959
List the prime factors of 22006343.
22006343
What are the prime factors of 16112556?
2, 3, 447571
List the prime factors of 477610.
2, 5, 7, 6823
List the prime factors of 7279853.
7, 1039979
What are the prime factors of 537807?
3, 179269
List the prime factors of 154894.
2, 77447
List the prime factors of 14470654.
2, 11, 97, 6781
What are the prime factors of 56075?
5, 2243
List the prime factors of 18858703.
47, 307, 1307
List the prime factors of 3298.
2, 17, 97
List the prime factors of 137034.
2, 3, 23, 331
What are the prime factors of 36271567?
449, 80783
List the prime factors of 2027246.
2, 13, 103, 757
List the prime factors of 11605371.
3, 19, 97, 2099
List the prime factors of 29258171.
29258171
List the prime factors of 12718031.
863, 14737
What are the prime factors of 7201712?
2, 7, 64301
List the prime factors of 1409458.
2, 19, 29, 1279
What are the prime factors of 6135150?
2, 3, 5, 7, 5843
List the prime factors of 612715.
5, 31, 59, 67
List the prime factors of 5111274.
2, 3, 7, 121697
List the prime factors of 293540.
2, 5, 13, 1129
List the prime factors of 729351.
3, 7, 17, 227
List the prime factors of 5709.
3, 11, 173
List the prime factors of 700313.
821, 853
List the prime factors of 314192.
2, 73, 269
What are the prime factors of 5218973?
101, 51673
What are the prime factors of 9382438?
2, 13, 360863
List the prime factors of 290304.
2, 3, 7
What are the prime factors of 6272516?
2, 1568129
List the prime factors of 121742.
2, 29, 2099
List the prime factors of 117104.
2, 13, 563
What are the prime factors of 5940246?
2, 3, 13, 76157
List the prime factors of 17163356.
2, 7, 612977
What are the prime factors of 1490789?
1490789
What are the prime factors of 354239?
47, 7537
List the prime factors of 88013.
283, 311
What are the prime factors of 4636550?
2, 5, 47, 1973
What are the prime factors of 6404914?
2, 149, 21493
List the prime factors of 5385113.
19, 151, 1877
What are the prime factors of 407783?
407783
List the prime factors of 182919.
3, 11, 23, 241
List the prime factors of 64950.
2, 3, 5, 433
What are the prime factors of 131002?
2, 17, 3853
What are the prime factors of 22315596?
2, 3, 1859633
List the prime factors of 2674927.
2674927
List 